Last updated on 2025-10-31 00:50:59 CET.
| Flavor | Version | Tinstall | Tcheck | Ttotal | Status | Flags | 
|---|---|---|---|---|---|---|
| r-devel-linux-x86_64-debian-clang | 1.3.5 | 60.75 | 186.01 | 246.76 | OK | |
| r-devel-linux-x86_64-debian-gcc | 1.3.5 | 45.81 | 105.03 | 150.84 | OK | |
| r-devel-linux-x86_64-fedora-clang | 1.3.5 | 368.00 | 23.21 | 391.21 | OK | |
| r-devel-linux-x86_64-fedora-gcc | 1.3.5 | 440.00 | -5.13 | 434.87 | OK | |
| r-devel-windows-x86_64 | 1.3.5 | 71.00 | 201.00 | 272.00 | OK | |
| r-patched-linux-x86_64 | 1.3.5 | 69.04 | 152.04 | 221.08 | OK | |
| r-release-linux-x86_64 | 1.3.5 | 65.59 | 159.14 | 224.73 | OK | |
| r-release-macos-arm64 | 1.3.5 | 24.00 | 87.00 | 111.00 | OK | |
| r-release-macos-x86_64 | 1.3.5 | 69.00 | 168.00 | 237.00 | OK | |
| r-release-windows-x86_64 | 1.3.5 | 68.00 | 187.00 | 255.00 | OK | |
| r-oldrel-macos-arm64 | 1.3.5 | 23.00 | 90.00 | 113.00 | NOTE | |
| r-oldrel-macos-x86_64 | 1.3.5 | 49.00 | 172.00 | 221.00 | NOTE | |
| r-oldrel-windows-x86_64 | 1.3.5 | 74.00 | 260.00 | 334.00 | OK | 
Version: 1.3.5
Check: installed package size
Result: NOTE
    installed size is 10.0Mb
    sub-directories of 1Mb or more:
      libs   8.7Mb
Flavors: r-oldrel-macos-arm64, r-oldrel-macos-x86_64