Last updated on 2025-10-31 00:50:59 CET.
| Flavor | Version | Tinstall | Tcheck | Ttotal | Status | Flags | 
|---|---|---|---|---|---|---|
| r-devel-linux-x86_64-debian-clang | 1.6.1 | 7.78 | 70.84 | 78.62 | ERROR | |
| r-devel-linux-x86_64-debian-gcc | 1.6.1 | 5.90 | 53.98 | 59.88 | OK | |
| r-devel-linux-x86_64-fedora-clang | 1.6.1 | 34.00 | 93.77 | 127.77 | ERROR | |
| r-devel-linux-x86_64-fedora-gcc | 1.6.1 | 11.00 | 115.61 | 126.61 | ERROR | |
| r-devel-windows-x86_64 | 1.6.1 | 9.00 | 80.00 | 89.00 | OK | |
| r-patched-linux-x86_64 | 1.6.1 | 7.53 | 68.68 | 76.21 | OK | |
| r-release-linux-x86_64 | 1.6.1 | 6.67 | 67.72 | 74.39 | ERROR | |
| r-release-macos-arm64 | 1.6.1 | 3.00 | 41.00 | 44.00 | OK | |
| r-release-macos-x86_64 | 1.6.1 | 6.00 | 73.00 | 79.00 | OK | |
| r-release-windows-x86_64 | 1.6.1 | 8.00 | 84.00 | 92.00 | OK | |
| r-oldrel-macos-arm64 | 1.6.1 | 3.00 | 44.00 | 47.00 | OK | |
| r-oldrel-macos-x86_64 | 1.6.1 | 6.00 | 86.00 | 92.00 | OK | |
| r-oldrel-windows-x86_64 | 1.6.1 | 11.00 | 100.00 | 111.00 | OK | 
Version: 1.6.1
Check: re-building of vignette outputs
Result: ERROR
  Error(s) in re-building vignettes:
    ...
  --- re-building ‘Overview.Rmd’ using rmarkdown
  
  Quitting from Overview.Rmd:34-49 [fetch]
  ~~~~~~~~~~~~~~~~~~~~~~~~~~~~~~~~~~~~~~~~~~~~~~~~~~~~~~~~~~~~~~~~~~~~~~~~~~~~~~~~
  <error/rlang_error>
  Error in `curl::curl_fetch_memory()`:
  ! SSL peer certificate or SSH remote key was not OK [climmob.net]:
  server verification failed: certificate signer not trusted. (CAfile: /etc/ssl/certs/ca-certificates.crt CRLfile: none)
  ---
  Backtrace:
      ▆
   1. └─ClimMobTools::getDataCM(key = key, project = "breadwheat", userowner = "gosset")
   2.   └─httr::RETRY(...)
  ~~~~~~~~~~~~~~~~~~~~~~~~~~~~~~~~~~~~~~~~~~~~~~~~~~~~~~~~~~~~~~~~~~~~~~~~~~~~~~~~
  
  Error: processing vignette 'Overview.Rmd' failed with diagnostics:
  SSL peer certificate or SSH remote key was not OK [climmob.net]:
  server verification failed: certificate signer not trusted. (CAfile: /etc/ssl/certs/ca-certificates.crt CRLfile: none)
  --- failed re-building ‘Overview.Rmd’
  
  SUMMARY: processing the following file failed:
    ‘Overview.Rmd’
  
  Error: Vignette re-building failed.
  Execution halted
Flavors: r-devel-linux-x86_64-debian-clang, r-release-linux-x86_64
Version: 1.6.1
Check: re-building of vignette outputs
Result: ERROR
  Error(s) in re-building vignettes:
  --- re-building ‘Overview.Rmd’ using rmarkdown
  
  Quitting from Overview.Rmd:34-49 [fetch]
  ~~~~~~~~~~~~~~~~~~~~~~~~~~~~~~~~~~~~~~~~~~~~~~~~~~~~~~~~~~~~~~~~~~~~~~~~~~~~~~~~
  <error/rlang_error>
  Error in `curl::curl_fetch_memory()`:
  ! SSL peer certificate or SSH remote key was not OK [climmob.net]:
  SSL certificate problem: unable to get local issuer certificate
  ---
  Backtrace:
      ▆
   1. └─ClimMobTools::getDataCM(key = key, project = "breadwheat", userowner = "gosset")
   2.   └─httr::RETRY(...)
  ~~~~~~~~~~~~~~~~~~~~~~~~~~~~~~~~~~~~~~~~~~~~~~~~~~~~~~~~~~~~~~~~~~~~~~~~~~~~~~~~
  
  Error: processing vignette 'Overview.Rmd' failed with diagnostics:
  SSL peer certificate or SSH remote key was not OK [climmob.net]:
  SSL certificate problem: unable to get local issuer certificate
  --- failed re-building ‘Overview.Rmd’
  
  SUMMARY: processing the following file failed:
    ‘Overview.Rmd’
  
  Error: Vignette re-building failed.
  Execution halted
Flavors: r-devel-linux-x86_64-fedora-clang, r-devel-linux-x86_64-fedora-gcc