Last updated on 2025-10-31 00:51:00 CET.
| Flavor | Version | Tinstall | Tcheck | Ttotal | Status | Flags | 
|---|---|---|---|---|---|---|
| r-devel-linux-x86_64-debian-clang | 0.1.0 | 1.52 | 18.02 | 19.54 | NOTE | |
| r-devel-linux-x86_64-debian-gcc | 0.1.0 | 1.40 | 15.75 | 17.15 | NOTE | |
| r-devel-linux-x86_64-fedora-clang | 0.1.0 | 28.82 | NOTE | |||
| r-devel-linux-x86_64-fedora-gcc | 0.1.0 | 27.66 | NOTE | |||
| r-devel-windows-x86_64 | 0.1.0 | 3.00 | 37.00 | 40.00 | OK | |
| r-patched-linux-x86_64 | 0.1.0 | 1.73 | 17.25 | 18.98 | OK | |
| r-release-linux-x86_64 | 0.1.0 | 1.58 | 17.00 | 18.58 | OK | |
| r-release-macos-arm64 | 0.1.0 | 1.00 | 13.00 | 14.00 | OK | |
| r-release-macos-x86_64 | 0.1.0 | 1.00 | 21.00 | 22.00 | OK | |
| r-release-windows-x86_64 | 0.1.0 | 3.00 | 38.00 | 41.00 | OK | |
| r-oldrel-macos-arm64 | 0.1.0 | 1.00 | 13.00 | 14.00 | NOTE | |
| r-oldrel-macos-x86_64 | 0.1.0 | 1.00 | 19.00 | 20.00 | NOTE | |
| r-oldrel-windows-x86_64 | 0.1.0 | 5.00 | 40.00 | 45.00 | NOTE | 
Version: 0.1.0
Check: CRAN incoming feasibility
Result: NOTE
  Maintainer: ‘Kartikeya Bolar <kartikeya.bolar@tapmi.edu.in>’
  
  No Authors@R field in DESCRIPTION.
  Please add one, modifying
    Authors@R: person(given = "Kartikeya",
                      family = "Bolar",
                      role = c("aut", "cre"),
                      email = "kartikeya.bolar@tapmi.edu.in")
  as necessary.
Flavors: r-devel-linux-x86_64-debian-clang, r-devel-linux-x86_64-debian-gcc
Version: 0.1.0
Check: dependencies in R code
Result: NOTE
  Namespaces in Imports field not imported from:
    ‘epitools’ ‘rpivotTable’ ‘shinyMatrix’
    All declared Imports should be used.
Flavors: r-devel-linux-x86_64-fedora-clang, r-devel-linux-x86_64-fedora-gcc
Version: 0.1.0
Check: LazyData
Result: NOTE
    'LazyData' is specified without a 'data' directory
Flavors: r-oldrel-macos-arm64, r-oldrel-macos-x86_64, r-oldrel-windows-x86_64