Last updated on 2025-10-31 00:51:00 CET.
| Flavor | Version | Tinstall | Tcheck | Ttotal | Status | Flags | 
|---|---|---|---|---|---|---|
| r-devel-linux-x86_64-debian-clang | 1.0 | 2.40 | 27.27 | 29.67 | NOTE | |
| r-devel-linux-x86_64-debian-gcc | 1.0 | 2.01 | 19.87 | 21.88 | NOTE | |
| r-devel-linux-x86_64-fedora-clang | 1.0 | 44.95 | OK | |||
| r-devel-linux-x86_64-fedora-gcc | 1.0 | 42.94 | OK | |||
| r-devel-windows-x86_64 | 1.0 | 4.00 | 44.00 | 48.00 | OK | |
| r-patched-linux-x86_64 | 1.0 | 2.19 | 25.52 | 27.71 | OK | |
| r-release-linux-x86_64 | 1.0 | 2.09 | 25.49 | 27.58 | OK | |
| r-release-macos-arm64 | 1.0 | 2.00 | 17.00 | 19.00 | OK | |
| r-release-macos-x86_64 | 1.0 | 3.00 | 26.00 | 29.00 | OK | |
| r-release-windows-x86_64 | 1.0 | 5.00 | 45.00 | 50.00 | OK | |
| r-oldrel-macos-arm64 | 1.0 | 2.00 | 16.00 | 18.00 | OK | |
| r-oldrel-macos-x86_64 | 1.0 | 2.00 | 24.00 | 26.00 | OK | |
| r-oldrel-windows-x86_64 | 1.0 | 5.00 | 45.00 | 50.00 | OK | 
Version: 1.0
Check: CRAN incoming feasibility
Result: NOTE
  Maintainer: ‘Peter Wu <peter123wu0@gmail.com>’
  
  No Authors@R field in DESCRIPTION.
  Please add one, modifying
    Authors@R: person(given = "Peter",
                      family = "Wu",
                      role = c("aut", "cre"),
                      email = "peter123wu0@gmail.com")
  as necessary.
Flavors: r-devel-linux-x86_64-debian-clang, r-devel-linux-x86_64-debian-gcc