Last updated on 2025-10-31 00:51:00 CET.
| Flavor | Version | Tinstall | Tcheck | Ttotal | Status | Flags | 
|---|---|---|---|---|---|---|
| r-devel-linux-x86_64-debian-clang | 1.1.14 | 12.63 | 316.93 | 329.56 | NOTE | |
| r-devel-linux-x86_64-debian-gcc | 1.1.14 | 9.33 | 206.44 | 215.77 | NOTE | |
| r-devel-linux-x86_64-fedora-clang | 1.1.14 | 35.00 | 484.70 | 519.70 | NOTE | |
| r-devel-linux-x86_64-fedora-gcc | 1.1.14 | 40.00 | 482.62 | 522.62 | NOTE | |
| r-devel-windows-x86_64 | 1.1.14 | 15.00 | 312.00 | 327.00 | NOTE | |
| r-patched-linux-x86_64 | 1.1.14 | 17.03 | 297.81 | 314.84 | NOTE | |
| r-release-linux-x86_64 | 1.1.14 | 11.90 | 300.17 | 312.07 | NOTE | |
| r-release-macos-arm64 | 1.1.14 | 6.00 | 146.00 | 152.00 | NOTE | |
| r-release-macos-x86_64 | 1.1.14 | 11.00 | 259.00 | 270.00 | NOTE | |
| r-release-windows-x86_64 | 1.1.14 | 19.00 | 308.00 | 327.00 | NOTE | |
| r-oldrel-macos-arm64 | 1.1.14 | 6.00 | 132.00 | 138.00 | OK | |
| r-oldrel-macos-x86_64 | 1.1.14 | 9.00 | 189.00 | 198.00 | OK | |
| r-oldrel-windows-x86_64 | 1.1.14 | 23.00 | 400.00 | 423.00 | OK | 
Version: 1.1.14
Check: DESCRIPTION meta-information
Result: NOTE
    Missing dependency on R >= 4.1.0 because package code uses the pipe
    |> or function shorthand \(...) syntax added in R 4.1.0.
    File(s) using such syntax:
      ‘utils.R’
Flavors: r-devel-linux-x86_64-debian-clang, r-devel-linux-x86_64-debian-gcc, r-devel-linux-x86_64-fedora-clang, r-devel-linux-x86_64-fedora-gcc, r-devel-windows-x86_64, r-patched-linux-x86_64, r-release-linux-x86_64, r-release-macos-arm64, r-release-macos-x86_64, r-release-windows-x86_64