Last updated on 2025-02-22 00:49:41 CET.
Flavor | Version | Tinstall | Tcheck | Ttotal | Status | Flags |
---|---|---|---|---|---|---|
r-devel-linux-x86_64-debian-clang | 1.0.0 | 130.03 | 139.00 | 269.03 | OK | |
r-devel-linux-x86_64-debian-gcc | 1.0.0 | 117.23 | 110.20 | 227.43 | OK | |
r-devel-linux-x86_64-fedora-clang | 1.0.0 | 457.55 | NOTE | |||
r-devel-linux-x86_64-fedora-gcc | 1.0.0 | 496.92 | NOTE | |||
r-devel-macos-arm64 | 1.0.0 | 108.00 | OK | |||
r-devel-macos-x86_64 | 1.0.0 | 216.00 | OK | |||
r-devel-windows-x86_64 | 1.0.0 | 124.00 | 162.00 | 286.00 | OK | |
r-patched-linux-x86_64 | 1.0.0 | 151.54 | 140.32 | 291.86 | NOTE | |
r-release-linux-x86_64 | 1.0.0 | 146.19 | 139.56 | 285.75 | NOTE | |
r-release-macos-arm64 | 1.0.0 | 63.00 | NOTE | |||
r-release-macos-x86_64 | 1.0.0 | 114.00 | NOTE | |||
r-release-windows-x86_64 | 1.0.0 | 126.00 | 157.00 | 283.00 | NOTE | |
r-oldrel-macos-arm64 | 1.0.0 | 115.00 | NOTE | |||
r-oldrel-macos-x86_64 | 1.0.0 | 173.00 | NOTE | |||
r-oldrel-windows-x86_64 | 1.0.0 | 167.00 | 191.00 | 358.00 | NOTE |
Version: 1.0.0
Check: dependencies in R code
Result: NOTE
Namespace in Imports field not imported from: ‘rstantools’
All declared Imports should be used.
Flavors: r-devel-linux-x86_64-fedora-clang, r-devel-linux-x86_64-fedora-gcc
Version: 1.0.0
Check: for GNU extensions in Makefiles
Result: NOTE
GNU make is a SystemRequirements.
Flavors: r-patched-linux-x86_64, r-release-linux-x86_64, r-release-macos-arm64, r-release-macos-x86_64, r-release-windows-x86_64, r-oldrel-macos-arm64, r-oldrel-macos-x86_64, r-oldrel-windows-x86_64
Version: 1.0.0
Check: installed package size
Result: NOTE
installed size is 41.1Mb
sub-directories of 1Mb or more:
libs 40.8Mb
Flavors: r-release-macos-arm64, r-release-macos-x86_64, r-oldrel-macos-arm64, r-oldrel-macos-x86_64