Last updated on 2025-10-31 00:50:59 CET.
| Flavor | Version | Tinstall | Tcheck | Ttotal | Status | Flags | 
|---|---|---|---|---|---|---|
| r-devel-linux-x86_64-debian-clang | 0.1.0 | 7.28 | 58.00 | 65.28 | NOTE | |
| r-devel-linux-x86_64-debian-gcc | 0.1.0 | 5.33 | 41.38 | 46.71 | NOTE | |
| r-devel-linux-x86_64-fedora-clang | 0.1.0 | 16.00 | 85.31 | 101.31 | OK | |
| r-devel-linux-x86_64-fedora-gcc | 0.1.0 | 15.00 | 78.37 | 93.37 | OK | |
| r-devel-windows-x86_64 | 0.1.0 | 7.00 | 67.00 | 74.00 | OK | |
| r-patched-linux-x86_64 | 0.1.0 | 6.43 | 53.05 | 59.48 | OK | |
| r-release-linux-x86_64 | 0.1.0 | 6.38 | 52.96 | 59.34 | OK | |
| r-release-macos-arm64 | 0.1.0 | 3.00 | 29.00 | 32.00 | OK | |
| r-release-macos-x86_64 | 0.1.0 | 5.00 | 38.00 | 43.00 | OK | |
| r-release-windows-x86_64 | 0.1.0 | 9.00 | 67.00 | 76.00 | OK | |
| r-oldrel-macos-arm64 | 0.1.0 | 3.00 | 23.00 | 26.00 | NOTE | |
| r-oldrel-macos-x86_64 | 0.1.0 | 4.00 | 37.00 | 41.00 | NOTE | |
| r-oldrel-windows-x86_64 | 0.1.0 | 11.00 | 81.00 | 92.00 | NOTE | 
Version: 0.1.0
Check: CRAN incoming feasibility
Result: NOTE
  Maintainer: ‘Raphaël Bonnet <raphael.bonnet@univ-cotedazur.fr>’
  
  No Authors@R field in DESCRIPTION.
  Please add one, modifying
    Authors@R: c(person(given = "Raphaël",
                        family = "Bonnet",
                        role = c("aut", "cre"),
                        email = "raphael.bonnet@univ-cotedazur.fr"),
                 person(given = "Jean-François",
                        family = "Peyron",
                        role = c("aut", "ths")))
  as necessary.
Flavors: r-devel-linux-x86_64-debian-clang, r-devel-linux-x86_64-debian-gcc
Version: 0.1.0
Check: LazyData
Result: NOTE
    'LazyData' is specified without a 'data' directory
Flavors: r-oldrel-macos-arm64, r-oldrel-macos-x86_64, r-oldrel-windows-x86_64