Last updated on 2025-02-23 01:51:36 CET.
Flavor | Version | Tinstall | Tcheck | Ttotal | Status | Flags |
---|---|---|---|---|---|---|
r-devel-linux-x86_64-debian-clang | 1.0.3 | 7.18 | 21.60 | 28.78 | OK | |
r-devel-linux-x86_64-debian-gcc | 1.0.3 | 5.08 | 16.55 | 21.63 | OK | |
r-devel-linux-x86_64-fedora-clang | 1.0.3 | 49.95 | WARN | |||
r-devel-linux-x86_64-fedora-gcc | 1.0.3 | 44.78 | OK | |||
r-devel-macos-arm64 | 1.0.3 | 18.00 | OK | |||
r-devel-macos-x86_64 | 1.0.3 | 43.00 | OK | |||
r-devel-windows-x86_64 | 1.0.3 | 9.00 | 48.00 | 57.00 | OK | |
r-patched-linux-x86_64 | 1.0.3 | 6.91 | 20.24 | 27.15 | OK | |
r-release-linux-x86_64 | 1.0.3 | 6.84 | 20.25 | 27.09 | OK | |
r-release-macos-arm64 | 1.0.3 | 23.00 | OK | |||
r-release-macos-x86_64 | 1.0.3 | 37.00 | OK | |||
r-release-windows-x86_64 | 1.0.3 | 10.00 | 47.00 | 57.00 | OK | |
r-oldrel-macos-arm64 | 1.0.3 | 17.00 | OK | |||
r-oldrel-macos-x86_64 | 1.0.3 | 26.00 | OK | |||
r-oldrel-windows-x86_64 | 1.0.3 | 9.00 | 52.00 | 61.00 | OK |
Version: 1.0.3
Check: whether package can be installed
Result: WARN
Found the following significant warnings:
/data/gannet/ripley/R/test-clang/cpp11/include/cpp11/R.hpp:52:31: warning: identifier '_xl' preceded by whitespace in a literal operator declaration is deprecated [-Wdeprecated-literal-operator]
/data/gannet/ripley/R/test-clang/cpp11/include/cpp11/named_arg.hpp:42:29: warning: identifier '_nm' preceded by whitespace in a literal operator declaration is deprecated [-Wdeprecated-literal-operator]
See ‘/data/gannet/ripley/R/packages/tests-clang/CMF.Rcheck/00install.out’ for details.
* used C++ compiler: ‘clang version 20.1.0-rc2’
Flavor: r-devel-linux-x86_64-fedora-clang