Last updated on 2025-10-31 00:50:59 CET.
| Flavor | Version | Tinstall | Tcheck | Ttotal | Status | Flags | 
|---|---|---|---|---|---|---|
| r-devel-linux-x86_64-debian-clang | 2.0.0 | 4.47 | 54.35 | 58.82 | NOTE | |
| r-devel-linux-x86_64-debian-gcc | 2.0.0 | 3.85 | 41.32 | 45.17 | NOTE | |
| r-devel-linux-x86_64-fedora-clang | 2.0.0 | 12.00 | 79.45 | 91.45 | OK | |
| r-devel-linux-x86_64-fedora-gcc | 2.0.0 | 13.00 | 89.76 | 102.76 | OK | |
| r-devel-windows-x86_64 | 2.0.0 | 8.00 | 66.00 | 74.00 | OK | |
| r-patched-linux-x86_64 | 2.0.0 | 4.38 | 51.06 | 55.44 | OK | |
| r-release-linux-x86_64 | 2.0.0 | 5.15 | 51.05 | 56.20 | OK | |
| r-release-macos-arm64 | 2.0.0 | 3.00 | 55.00 | 58.00 | OK | |
| r-release-macos-x86_64 | 2.0.0 | 4.00 | 53.00 | 57.00 | OK | |
| r-release-windows-x86_64 | 2.0.0 | 7.00 | 65.00 | 72.00 | OK | |
| r-oldrel-macos-arm64 | 2.0.0 | 2.00 | 31.00 | 33.00 | OK | |
| r-oldrel-macos-x86_64 | 2.0.0 | 4.00 | 44.00 | 48.00 | OK | |
| r-oldrel-windows-x86_64 | 2.0.0 | 9.00 | 77.00 | 86.00 | OK | 
Version: 2.0.0
Check: CRAN incoming feasibility
Result: NOTE
  Maintainer: ‘Dadong Zhang <dzhang4@illumina.com>’
  
  No Authors@R field in DESCRIPTION.
  Please add one, modifying
    Authors@R: c(person(given = "Dadong",
                        family = "Zhang",
                        role = c("aut", "cre"),
                        email = "dzhang4@illumina.com"),
                 person(given = "Jingye",
                        family = "Wang",
                        role = "aut",
                        email = "jwang16@illumina.com"),
                 person(given = "Suqin",
                        family = "Cai",
                        role = "aut",
                        email = "scai1@illumina.com"),
                 person(given = "Johan",
                        family = "Surtihadi",
                        role = "aut",
                        email = "jsurtihadi@illumina.com"))
  as necessary.
Flavors: r-devel-linux-x86_64-debian-clang, r-devel-linux-x86_64-debian-gcc