Last updated on 2025-10-31 00:50:59 CET.
| Flavor | Version | Tinstall | Tcheck | Ttotal | Status | Flags | 
|---|---|---|---|---|---|---|
| r-devel-linux-x86_64-debian-clang | 0.1.0 | 1.94 | 25.04 | 26.98 | NOTE | |
| r-devel-linux-x86_64-debian-gcc | 0.1.0 | 1.55 | 20.35 | 21.90 | NOTE | |
| r-devel-linux-x86_64-fedora-clang | 0.1.0 | 41.13 | OK | |||
| r-devel-linux-x86_64-fedora-gcc | 0.1.0 | 53.19 | OK | |||
| r-devel-windows-x86_64 | 0.1.0 | 3.00 | 44.00 | 47.00 | OK | |
| r-patched-linux-x86_64 | 0.1.0 | 1.92 | 23.52 | 25.44 | OK | |
| r-release-linux-x86_64 | 0.1.0 | 1.79 | 23.41 | 25.20 | OK | |
| r-release-macos-arm64 | 0.1.0 | 1.00 | 24.00 | 25.00 | OK | |
| r-release-macos-x86_64 | 0.1.0 | 2.00 | 41.00 | 43.00 | OK | |
| r-release-windows-x86_64 | 0.1.0 | 3.00 | 46.00 | 49.00 | OK | |
| r-oldrel-macos-arm64 | 0.1.0 | 1.00 | 28.00 | 29.00 | OK | |
| r-oldrel-macos-x86_64 | 0.1.0 | 2.00 | 32.00 | 34.00 | OK | |
| r-oldrel-windows-x86_64 | 0.1.0 | 5.00 | 51.00 | 56.00 | OK | 
Version: 0.1.0
Check: CRAN incoming feasibility
Result: NOTE
  Maintainer: ‘Vishal H. Oza <vishoza@uab.edu>’
  
  No Authors@R field in DESCRIPTION.
  Please add one, modifying
    Authors@R: c(person(given = c("Vishal", "H."),
                        family = "Oza",
                        role = c("aut", "cre"),
                        email = "vishoza@uab.edu"),
                 person(given = "Roshan",
                        family = "Darji",
                        role = "aut"),
                 person(given = c("Brittany", "N."),
                        family = "Lasseigne",
                        role = "aut"))
  as necessary.
Flavors: r-devel-linux-x86_64-debian-clang, r-devel-linux-x86_64-debian-gcc