Last updated on 2024-05-23 01:57:50 CEST.
Flavor | Version | Tinstall | Tcheck | Ttotal | Status | Flags |
---|---|---|---|---|---|---|
r-devel-linux-x86_64-debian-clang | 0.1.1 | 3.37 | 67.26 | 70.63 | NOTE | |
r-devel-linux-x86_64-debian-gcc | 0.1.1 | 2.82 | 48.69 | 51.51 | NOTE | |
r-devel-linux-x86_64-fedora-clang | 0.1.1 | 88.17 | NOTE | |||
r-devel-linux-x86_64-fedora-gcc | 0.1.1 | 94.25 | NOTE | |||
r-devel-windows-x86_64 | 0.1.1 | 4.00 | 74.00 | 78.00 | NOTE | |
r-patched-linux-x86_64 | 0.1.1 | 4.64 | 61.96 | 66.60 | NOTE | |
r-release-linux-x86_64 | 0.1.1 | 3.97 | 62.55 | 66.52 | NOTE | |
r-release-macos-arm64 | 0.1.1 | 35.00 | NOTE | |||
r-release-windows-x86_64 | 0.1.1 | 4.00 | 80.00 | 84.00 | NOTE | |
r-oldrel-macos-arm64 | 0.1.1 | 34.00 | NOTE | |||
r-oldrel-macos-x86_64 | 0.1.1 | 53.00 | NOTE | |||
r-oldrel-windows-x86_64 | 0.1.1 | 5.00 | 82.00 | 87.00 | NOTE |
Version: 0.1.1
Check: LazyData
Result: NOTE
'LazyData' is specified without a 'data' directory
Flavors: r-devel-linux-x86_64-debian-clang, r-devel-linux-x86_64-debian-gcc, r-devel-linux-x86_64-fedora-clang, r-devel-linux-x86_64-fedora-gcc, r-devel-windows-x86_64, r-patched-linux-x86_64, r-release-linux-x86_64, r-release-macos-arm64, r-release-windows-x86_64, r-oldrel-macos-arm64, r-oldrel-macos-x86_64, r-oldrel-windows-x86_64