Last updated on 2025-10-31 00:50:59 CET.
| Flavor | Version | Tinstall | Tcheck | Ttotal | Status | Flags | 
|---|---|---|---|---|---|---|
| r-devel-linux-x86_64-debian-clang | 0.1.1 | 3.41 | 31.40 | 34.81 | NOTE | |
| r-devel-linux-x86_64-debian-gcc | 0.1.1 | 2.69 | 24.41 | 27.10 | NOTE | |
| r-devel-linux-x86_64-fedora-clang | 0.1.1 | 51.14 | OK | |||
| r-devel-linux-x86_64-fedora-gcc | 0.1.1 | 49.62 | OK | |||
| r-devel-windows-x86_64 | 0.1.1 | 5.00 | 49.00 | 54.00 | OK | |
| r-patched-linux-x86_64 | 0.1.1 | 3.49 | 29.89 | 33.38 | OK | |
| r-release-linux-x86_64 | 0.1.1 | 3.23 | 29.28 | 32.51 | OK | |
| r-release-macos-arm64 | 0.1.1 | 2.00 | 21.00 | 23.00 | OK | |
| r-release-macos-x86_64 | 0.1.1 | 3.00 | 40.00 | 43.00 | OK | |
| r-release-windows-x86_64 | 0.1.1 | 5.00 | 51.00 | 56.00 | OK | |
| r-oldrel-macos-arm64 | 0.1.1 | 2.00 | 23.00 | 25.00 | OK | |
| r-oldrel-macos-x86_64 | 0.1.1 | 3.00 | 30.00 | 33.00 | OK | |
| r-oldrel-windows-x86_64 | 0.1.1 | 5.00 | 57.00 | 62.00 | OK | 
Version: 0.1.1
Check: CRAN incoming feasibility
Result: NOTE
  Maintainer: ‘Emanuele Bevacqua <emanuele.bevacqua@uni-graz.at>’
  
  Package CITATION file contains call(s) to old-style personList() or
  as.personList().  Please use c() on person objects instead.
  Package CITATION file contains call(s) to old-style citEntry().  Please
  use bibentry() instead.
Flavors: r-devel-linux-x86_64-debian-clang, r-devel-linux-x86_64-debian-gcc