Last updated on 2025-11-01 00:49:54 CET.
| Flavor | Version | Tinstall | Tcheck | Ttotal | Status | Flags |
|---|---|---|---|---|---|---|
| r-devel-linux-x86_64-debian-clang | 1.3.6 | 28.83 | 97.38 | 126.21 | OK | |
| r-devel-linux-x86_64-debian-gcc | 1.3.6 | 22.97 | 70.05 | 93.02 | OK | |
| r-devel-linux-x86_64-fedora-clang | 1.3.6 | 256.00 | -31.44 | 224.56 | OK | |
| r-devel-linux-x86_64-fedora-gcc | 1.3.6 | 284.00 | -54.45 | 229.55 | OK | |
| r-devel-windows-x86_64 | 1.3.6 | 35.00 | 224.00 | 259.00 | OK | |
| r-patched-linux-x86_64 | 1.3.6 | 30.46 | 88.82 | 119.28 | OK | |
| r-release-linux-x86_64 | 1.3.6 | 31.07 | 88.51 | 119.58 | OK | |
| r-release-macos-arm64 | 1.3.6 | 13.00 | 69.00 | 82.00 | OK | |
| r-release-macos-x86_64 | 1.3.6 | 39.00 | 114.00 | 153.00 | OK | |
| r-release-windows-x86_64 | 1.3.6 | 40.00 | 216.00 | 256.00 | OK | |
| r-oldrel-macos-arm64 | 1.3.6 | 14.00 | 61.00 | 75.00 | NOTE | |
| r-oldrel-macos-x86_64 | 1.3.6 | 37.00 | 118.00 | 155.00 | NOTE | |
| r-oldrel-windows-x86_64 | 1.3.6 | 44.00 | 279.00 | 323.00 | OK |
Version: 1.3.6
Check: installed package size
Result: NOTE
installed size is 6.4Mb
sub-directories of 1Mb or more:
data 1.6Mb
extdata 1.1Mb
libs 3.3Mb
Flavors: r-oldrel-macos-arm64, r-oldrel-macos-x86_64