Last updated on 2025-10-31 00:50:59 CET.
| Flavor | Version | Tinstall | Tcheck | Ttotal | Status | Flags | 
|---|---|---|---|---|---|---|
| r-devel-linux-x86_64-debian-clang | 0.6.1 | 44.17 | 37.40 | 81.57 | NOTE | |
| r-devel-linux-x86_64-debian-gcc | 0.6.1 | 31.20 | 29.39 | 60.59 | NOTE | |
| r-devel-linux-x86_64-fedora-clang | 0.6.1 | 111.00 | 54.47 | 165.47 | NOTE | |
| r-devel-linux-x86_64-fedora-gcc | 0.6.1 | 93.00 | 54.62 | 147.62 | NOTE | |
| r-devel-windows-x86_64 | 0.6.1 | 56.00 | 85.00 | 141.00 | NOTE | |
| r-patched-linux-x86_64 | 0.6.1 | 44.41 | 35.57 | 79.98 | NOTE | |
| r-release-linux-x86_64 | 0.6.1 | 43.94 | 35.49 | 79.43 | NOTE | |
| r-release-macos-arm64 | 0.6.1 | 20.00 | 28.00 | 48.00 | NOTE | |
| r-release-macos-x86_64 | 0.6.1 | 22.00 | 48.00 | 70.00 | NOTE | |
| r-release-windows-x86_64 | 0.6.1 | 61.00 | 89.00 | 150.00 | NOTE | |
| r-oldrel-macos-arm64 | 0.6.1 | 18.00 | 30.00 | 48.00 | NOTE | |
| r-oldrel-macos-x86_64 | 0.6.1 | 18.00 | 41.00 | 59.00 | NOTE | |
| r-oldrel-windows-x86_64 | 0.6.1 | 63.00 | 103.00 | 166.00 | NOTE | 
Version: 0.6.1
Check: C++ specification
Result: NOTE
    Specified C++11: please drop specification unless essential
Flavors: r-devel-linux-x86_64-debian-clang, r-devel-linux-x86_64-debian-gcc, r-devel-linux-x86_64-fedora-clang, r-devel-linux-x86_64-fedora-gcc, r-devel-windows-x86_64, r-patched-linux-x86_64, r-release-linux-x86_64, r-release-macos-arm64, r-release-macos-x86_64, r-release-windows-x86_64, r-oldrel-macos-arm64, r-oldrel-macos-x86_64, r-oldrel-windows-x86_64
Version: 0.6.1
Check: installed package size
Result: NOTE
    installed size is  5.6Mb
    sub-directories of 1Mb or more:
      libs   4.8Mb
Flavors: r-oldrel-macos-arm64, r-oldrel-macos-x86_64
Version: 0.6.1
Check: LazyData
Result: NOTE
    'LazyData' is specified without a 'data' directory
Flavors: r-oldrel-macos-arm64, r-oldrel-macos-x86_64, r-oldrel-windows-x86_64