Last updated on 2025-02-22 00:49:40 CET.
Flavor | Version | Tinstall | Tcheck | Ttotal | Status | Flags |
---|---|---|---|---|---|---|
r-devel-linux-x86_64-debian-clang | 3.0.5 | 93.21 | 282.97 | 376.18 | OK | |
r-devel-linux-x86_64-debian-gcc | 3.0.5 | 70.94 | 184.61 | 255.55 | OK | |
r-devel-linux-x86_64-fedora-clang | 3.0.5 | 615.25 | OK | |||
r-devel-linux-x86_64-fedora-gcc | 3.0.5 | 597.11 | OK | |||
r-devel-macos-arm64 | 3.0.5 | 140.00 | OK | |||
r-devel-macos-x86_64 | 3.0.5 | 264.00 | OK | |||
r-devel-windows-x86_64 | 3.0.5 | 91.00 | 144.00 | 235.00 | OK | --no-examples --no-tests --no-vignettes |
r-patched-linux-x86_64 | 3.0.5 | 103.42 | 238.49 | 341.91 | OK | |
r-release-linux-x86_64 | 3.0.5 | 91.39 | 233.61 | 325.00 | OK | |
r-release-macos-arm64 | 3.0.5 | 99.00 | NOTE | |||
r-release-macos-x86_64 | 3.0.5 | 177.00 | NOTE | |||
r-release-windows-x86_64 | 3.0.5 | 92.00 | 142.00 | 234.00 | OK | --no-examples --no-tests --no-vignettes |
r-oldrel-macos-arm64 | 3.0.5 | 129.00 | NOTE | |||
r-oldrel-macos-x86_64 | 3.0.5 | 240.00 | NOTE | |||
r-oldrel-windows-x86_64 | 3.0.5 | 120.00 | 147.00 | 267.00 | OK | --no-examples --no-tests --no-vignettes |
Version: 3.0.5
Check: installed package size
Result: NOTE
installed size is 8.3Mb
sub-directories of 1Mb or more:
libs 6.9Mb
Flavors: r-release-macos-arm64, r-release-macos-x86_64, r-oldrel-macos-arm64, r-oldrel-macos-x86_64