Last updated on 2025-10-31 00:50:59 CET.
| Flavor | Version | Tinstall | Tcheck | Ttotal | Status | Flags | 
|---|---|---|---|---|---|---|
| r-devel-linux-x86_64-debian-clang | 2.0.1 | 32.48 | 28.84 | 61.32 | WARN | |
| r-devel-linux-x86_64-debian-gcc | 2.0.1 | 23.03 | 23.28 | 46.31 | WARN | |
| r-devel-linux-x86_64-fedora-clang | 2.0.1 | 57.00 | 44.13 | 101.13 | NOTE | |
| r-devel-linux-x86_64-fedora-gcc | 2.0.1 | 76.00 | 31.02 | 107.02 | NOTE | |
| r-devel-windows-x86_64 | 2.0.1 | 40.00 | 67.00 | 107.00 | NOTE | |
| r-patched-linux-x86_64 | 2.0.1 | 35.43 | 28.25 | 63.68 | NOTE | |
| r-release-linux-x86_64 | 2.0.1 | 34.35 | 26.75 | 61.10 | NOTE | |
| r-release-macos-arm64 | 2.0.1 | 14.00 | 18.00 | 32.00 | NOTE | |
| r-release-macos-x86_64 | 2.0.1 | 31.00 | 30.00 | 61.00 | NOTE | |
| r-release-windows-x86_64 | 2.0.1 | 40.00 | 69.00 | 109.00 | NOTE | |
| r-oldrel-macos-arm64 | 2.0.1 | 11.00 | 21.00 | 32.00 | NOTE | |
| r-oldrel-macos-x86_64 | 2.0.1 | 19.00 | 23.00 | 42.00 | NOTE | |
| r-oldrel-windows-x86_64 | 2.0.1 | 50.00 | 80.00 | 130.00 | NOTE | 
Version: 2.0.1
Check: CRAN incoming feasibility
Result: NOTE
  Maintainer: ‘Jiwoong Kim <jwboys26@gmail.com>’
  
  No Authors@R field in DESCRIPTION.
  Please add one, modifying
    Authors@R: person(given = "Jiwoong",
                      family = "Kim",
                      role = c("aut", "cre"),
                      email = "jwboys26atgmail.com")
  as necessary.
Flavors: r-devel-linux-x86_64-debian-clang, r-devel-linux-x86_64-debian-gcc
Version: 2.0.1
Check: whether package can be installed
Result: WARN
  Found the following significant warnings:
    /home/hornik/tmp/R.check/r-devel-clang/Work/build/Packages/RcppArmadillo/include/RcppArmadillo/version/arma.h:66:17: warning: Using fallback compilation with Armadillo 14.6.3. Please consider defining -DARMA_USE_CURRENT and also removing C++11 compilation directive. See GitHub issue #475 for more. [-W#pragma-messages]
  See ‘/home/hornik/tmp/R.check/r-devel-clang/Work/PKGS/Buddle.Rcheck/00install.out’ for details.
  * used C++ compiler: ‘Debian clang version 19.1.7 (7)’
Flavor: r-devel-linux-x86_64-debian-clang
Version: 2.0.1
Check: C++ specification
Result: NOTE
    Specified C++11: please drop specification unless essential
Flavors: r-devel-linux-x86_64-debian-clang, r-devel-linux-x86_64-debian-gcc, r-devel-linux-x86_64-fedora-clang, r-devel-linux-x86_64-fedora-gcc, r-devel-windows-x86_64, r-patched-linux-x86_64, r-release-linux-x86_64, r-release-macos-arm64, r-release-macos-x86_64, r-release-windows-x86_64, r-oldrel-macos-arm64, r-oldrel-macos-x86_64, r-oldrel-windows-x86_64
Version: 2.0.1
Check: whether package can be installed
Result: WARN
  Found the following significant warnings:
    /home/hornik/tmp/R.check/r-devel-gcc/Work/build/Packages/RcppArmadillo/include/RcppArmadillo/version/arma.h:66:199: note: ‘#pragma message: Using fallback compilation with Armadillo 14.6.3. Please consider defining -DARMA_USE_CURRENT and also removing C++11 compilation directive. See GitHub issue #475 for more.’
  See ‘/home/hornik/tmp/R.check/r-devel-gcc/Work/PKGS/Buddle.Rcheck/00install.out’ for details.
  * used C++ compiler: ‘g++-15 (Debian 15.2.0-4) 15.2.0’
Flavor: r-devel-linux-x86_64-debian-gcc