Last updated on 2025-10-31 00:50:59 CET.
| Flavor | Version | Tinstall | Tcheck | Ttotal | Status | Flags | 
|---|---|---|---|---|---|---|
| r-devel-linux-x86_64-debian-clang | 1.2-9 | 11.48 | 94.44 | 105.92 | NOTE | |
| r-devel-linux-x86_64-debian-gcc | 1.2-9 | 9.35 | 70.52 | 79.87 | NOTE | |
| r-devel-linux-x86_64-fedora-clang | 1.2-9 | 47.00 | 118.07 | 165.07 | OK | |
| r-devel-linux-x86_64-fedora-gcc | 1.2-9 | 26.00 | 143.29 | 169.29 | OK | |
| r-devel-windows-x86_64 | 1.2-9 | 13.00 | 133.00 | 146.00 | OK | |
| r-patched-linux-x86_64 | 1.2-9 | 14.49 | 89.98 | 104.47 | OK | |
| r-release-linux-x86_64 | 1.2-9 | 13.60 | 89.92 | 103.52 | OK | |
| r-release-macos-arm64 | 1.2-9 | 7.00 | 62.00 | 69.00 | OK | |
| r-release-macos-x86_64 | 1.2-9 | 15.00 | 105.00 | 120.00 | OK | |
| r-release-windows-x86_64 | 1.2-9 | 15.00 | 137.00 | 152.00 | OK | |
| r-oldrel-macos-arm64 | 1.2-9 | 6.00 | 50.00 | 56.00 | OK | |
| r-oldrel-macos-x86_64 | 1.2-9 | 11.00 | 76.00 | 87.00 | OK | |
| r-oldrel-windows-x86_64 | 1.2-9 | 19.00 | 151.00 | 170.00 | OK | 
Version: 1.2-9
Check: CRAN incoming feasibility
Result: NOTE
  Maintainer: ‘Robin K. S. Hankin <hankin.robin@gmail.com>’
  
  Package CITATION file contains call(s) to old-style citEntry().  Please
  use bibentry() instead.
Flavors: r-devel-linux-x86_64-debian-clang, r-devel-linux-x86_64-debian-gcc