Last updated on 2025-10-31 00:50:58 CET.
| Flavor | Version | Tinstall | Tcheck | Ttotal | Status | Flags | 
|---|---|---|---|---|---|---|
| r-devel-linux-x86_64-debian-clang | 0.2 | 5.57 | 53.29 | 58.86 | NOTE | |
| r-devel-linux-x86_64-debian-gcc | 0.2 | 3.52 | 39.28 | 42.80 | NOTE | |
| r-devel-linux-x86_64-fedora-clang | 0.2 | 12.00 | 79.62 | 91.62 | OK | |
| r-devel-linux-x86_64-fedora-gcc | 0.2 | 11.00 | 75.29 | 86.29 | OK | |
| r-devel-windows-x86_64 | 0.2 | 7.00 | 63.00 | 70.00 | OK | |
| r-patched-linux-x86_64 | 0.2 | 5.77 | 50.14 | 55.91 | OK | |
| r-release-linux-x86_64 | 0.2 | 5.33 | 50.15 | 55.48 | OK | |
| r-release-macos-arm64 | 0.2 | 3.00 | 27.00 | 30.00 | OK | |
| r-release-macos-x86_64 | 0.2 | 4.00 | 37.00 | 41.00 | OK | |
| r-release-windows-x86_64 | 0.2 | 8.00 | 63.00 | 71.00 | OK | |
| r-oldrel-macos-arm64 | 0.2 | 3.00 | 21.00 | 24.00 | OK | |
| r-oldrel-macos-x86_64 | 0.2 | 3.00 | 31.00 | 34.00 | OK | |
| r-oldrel-windows-x86_64 | 0.2 | 10.00 | 79.00 | 89.00 | OK | 
Version: 0.2
Check: CRAN incoming feasibility
Result: NOTE
  Maintainer: ‘Navinkumar Nedunchezhian <navinkumar.nedunchezhian@gmail.com>’
  
  No Authors@R field in DESCRIPTION.
  Please add one, modifying
    Authors@R: person(given = "Navinkumar",
                      family = "Nedunchezhian",
                      role = c("aut", "cre"),
                      email = "navinkumar.nedunchezhian@gmail.com")
  as necessary.
Flavors: r-devel-linux-x86_64-debian-clang, r-devel-linux-x86_64-debian-gcc