Last updated on 2025-10-31 00:50:58 CET.
| Flavor | Version | Tinstall | Tcheck | Ttotal | Status | Flags | 
|---|---|---|---|---|---|---|
| r-devel-linux-x86_64-debian-clang | 1.5.2 | 9.46 | 72.57 | 82.03 | NOTE | |
| r-devel-linux-x86_64-debian-gcc | 1.5.2 | 6.11 | 55.78 | 61.89 | NOTE | |
| r-devel-linux-x86_64-fedora-clang | 1.5.2 | 17.00 | 110.84 | 127.84 | OK | |
| r-devel-linux-x86_64-fedora-gcc | 1.5.2 | 18.00 | 103.78 | 121.78 | OK | |
| r-devel-windows-x86_64 | 1.5.2 | 9.00 | 82.00 | 91.00 | OK | |
| r-patched-linux-x86_64 | 1.5.2 | 8.84 | 70.30 | 79.14 | OK | |
| r-release-linux-x86_64 | 1.5.2 | 8.36 | 71.01 | 79.37 | OK | |
| r-release-macos-arm64 | 1.5.2 | 3.00 | 31.00 | 34.00 | OK | |
| r-release-macos-x86_64 | 1.5.2 | 6.00 | 49.00 | 55.00 | OK | |
| r-release-windows-x86_64 | 1.5.2 | 9.00 | 84.00 | 93.00 | OK | |
| r-oldrel-macos-arm64 | 1.5.2 | 3.00 | 31.00 | 34.00 | OK | |
| r-oldrel-macos-x86_64 | 1.5.2 | 5.00 | 42.00 | 47.00 | OK | |
| r-oldrel-windows-x86_64 | 1.5.2 | 14.00 | 104.00 | 118.00 | OK | 
Version: 1.5.2
Check: CRAN incoming feasibility
Result: NOTE
  Maintainer: ‘Ran Gao <rgao8@uic.edu>’
  
  No Authors@R field in DESCRIPTION.
  Please add one, modifying
    Authors@R: c(person(given = "Hakan",
                        family = "Demirtas",
                        role = "aut"),
                 person(given = "Yue",
                        family = "Wang",
                        role = "aut"),
                 person(given = "Rawan",
                        family = "Allozi",
                        role = "aut"),
                 person(given = "Ran",
                        family = "Gao",
                        role = c("aut", "cre"),
                        email = "rgao8@uic.edu"))
  as necessary.
Flavors: r-devel-linux-x86_64-debian-clang, r-devel-linux-x86_64-debian-gcc