Last updated on 2025-10-31 00:50:58 CET.
| Flavor | Version | Tinstall | Tcheck | Ttotal | Status | Flags | 
|---|---|---|---|---|---|---|
| r-devel-linux-x86_64-debian-clang | 2.1.4 | 30.85 | 152.76 | 183.61 | NOTE | |
| r-devel-linux-x86_64-debian-gcc | 2.1.4 | 20.47 | 105.72 | 126.19 | NOTE | |
| r-devel-linux-x86_64-fedora-clang | 2.1.4 | 72.00 | 229.32 | 301.32 | NOTE | |
| r-devel-linux-x86_64-fedora-gcc | 2.1.4 | 157.00 | 148.36 | 305.36 | NOTE | |
| r-devel-windows-x86_64 | 2.1.4 | 34.00 | 160.00 | 194.00 | OK | |
| r-patched-linux-x86_64 | 2.1.4 | 31.11 | 147.54 | 178.65 | OK | |
| r-release-linux-x86_64 | 2.1.4 | 28.10 | 148.47 | 176.57 | OK | |
| r-release-macos-arm64 | 2.1.4 | 19.00 | 58.00 | 77.00 | OK | |
| r-release-macos-x86_64 | 2.1.4 | 28.00 | 124.00 | 152.00 | OK | |
| r-release-windows-x86_64 | 2.1.4 | 36.00 | 162.00 | 198.00 | OK | |
| r-oldrel-macos-arm64 | 2.1.4 | 13.00 | 53.00 | 66.00 | OK | |
| r-oldrel-macos-x86_64 | 2.1.4 | 21.00 | 87.00 | 108.00 | OK | |
| r-oldrel-windows-x86_64 | 2.1.4 | 44.00 | 211.00 | 255.00 | OK | 
Version: 2.1.4
Check: CRAN incoming feasibility
Result: NOTE
  Maintainer: ‘Polina Suter <polina.suter@gmail.com>’
  
  No Authors@R field in DESCRIPTION.
  Please add one, modifying
    Authors@R: c(person(given = "Polina",
                        family = "Suter",
                        role = c("aut", "cre"),
                        email = "polina.suter@gmail.com"),
                 person(given = "Jack",
                        family = "Kuipers",
                        role = "aut"))
  as necessary.
Flavors: r-devel-linux-x86_64-debian-clang, r-devel-linux-x86_64-debian-gcc
Version: 2.1.4
Check: dependencies in R code
Result: NOTE
  Namespace in Imports field not imported from: ‘RBGL’
    All declared Imports should be used.
Flavors: r-devel-linux-x86_64-fedora-clang, r-devel-linux-x86_64-fedora-gcc