Last updated on 2025-10-31 00:50:58 CET.
| Flavor | Version | Tinstall | Tcheck | Ttotal | Status | Flags | 
|---|---|---|---|---|---|---|
| r-devel-linux-x86_64-debian-clang | 5.0.7 | 12.19 | 88.11 | 100.30 | NOTE | |
| r-devel-linux-x86_64-debian-gcc | 5.0.7 | 7.22 | 62.15 | 69.37 | NOTE | |
| r-devel-linux-x86_64-fedora-clang | 5.0.7 | 26.00 | 126.08 | 152.08 | OK | |
| r-devel-linux-x86_64-fedora-gcc | 5.0.7 | 31.00 | 116.81 | 147.81 | OK | |
| r-devel-windows-x86_64 | 5.0.7 | 12.00 | 90.00 | 102.00 | OK | |
| r-patched-linux-x86_64 | 5.0.7 | 10.99 | 82.58 | 93.57 | OK | |
| r-release-linux-x86_64 | 5.0.7 | 9.96 | 81.91 | 91.87 | OK | |
| r-release-macos-arm64 | 5.0.7 | 6.00 | 42.00 | 48.00 | OK | |
| r-release-macos-x86_64 | 5.0.7 | 11.00 | 98.00 | 109.00 | OK | |
| r-release-windows-x86_64 | 5.0.7 | 14.00 | 94.00 | 108.00 | OK | |
| r-oldrel-macos-arm64 | 5.0.7 | 5.00 | 39.00 | 44.00 | OK | |
| r-oldrel-macos-x86_64 | 5.0.7 | 10.00 | 66.00 | 76.00 | OK | |
| r-oldrel-windows-x86_64 | 5.0.7 | 16.00 | 115.00 | 131.00 | OK | 
Version: 5.0.7
Check: CRAN incoming feasibility
Result: NOTE
  Maintainer: ‘Alberto Caimo <alberto.caimo1@ucd.ie>’
  
  No Authors@R field in DESCRIPTION.
  Please add one, modifying
    Authors@R: c(person(given = "Alberto",
                        family = "Caimo",
                        role = c("aut", "cre"),
                        email = "alberto.caimo1@ucd.ie"),
                 person(given = "Lampros",
                        family = "Bouranis",
                        role = "aut"),
                 person(given = "Robert",
                        family = "Krause",
                        role = "ctb"))
  as necessary.
Flavors: r-devel-linux-x86_64-debian-clang, r-devel-linux-x86_64-debian-gcc