Last updated on 2025-02-22 00:49:39 CET.
Flavor | Version | Tinstall | Tcheck | Ttotal | Status | Flags |
---|---|---|---|---|---|---|
r-devel-linux-x86_64-debian-clang | 2.2-1 | 151.96 | 88.37 | 240.33 | OK | |
r-devel-linux-x86_64-debian-gcc | 2.2-1 | 110.13 | 63.23 | 173.36 | OK | |
r-devel-linux-x86_64-fedora-clang | 2.2-1 | 419.23 | OK | |||
r-devel-linux-x86_64-fedora-gcc | 2.2-1 | 442.73 | OK | |||
r-devel-macos-arm64 | 2.2-1 | 103.00 | OK | |||
r-devel-macos-x86_64 | 2.2-1 | 155.00 | OK | |||
r-devel-windows-x86_64 | 2.2-1 | 145.00 | 124.00 | 269.00 | OK | |
r-patched-linux-x86_64 | 2.2-1 | 150.71 | 81.37 | 232.08 | OK | |
r-release-linux-x86_64 | 2.2-1 | 153.12 | 82.26 | 235.38 | OK | |
r-release-macos-arm64 | 2.2-1 | 127.00 | NOTE | |||
r-release-macos-x86_64 | 2.2-1 | 188.00 | NOTE | |||
r-release-windows-x86_64 | 2.2-1 | 147.00 | 125.00 | 272.00 | NOTE | |
r-oldrel-macos-arm64 | 2.2-1 | 255.00 | NOTE | |||
r-oldrel-macos-x86_64 | 2.2-1 | 344.00 | NOTE | |||
r-oldrel-windows-x86_64 | 2.2-1 | 178.00 | 167.00 | 345.00 | NOTE |
Version: 2.2-1
Check: installed package size
Result: NOTE
installed size is 18.2Mb
sub-directories of 1Mb or more:
data 1.5Mb
doc 1.4Mb
libs 14.5Mb
Flavors: r-release-macos-arm64, r-release-macos-x86_64, r-release-windows-x86_64, r-oldrel-macos-arm64, r-oldrel-macos-x86_64, r-oldrel-windows-x86_64