Last updated on 2025-10-31 00:50:58 CET.
| Flavor | Version | Tinstall | Tcheck | Ttotal | Status | Flags | 
|---|---|---|---|---|---|---|
| r-devel-linux-x86_64-debian-clang | 1.6.1 | 19.26 | 145.67 | 164.93 | NOTE | |
| r-devel-linux-x86_64-debian-gcc | 1.6.1 | 12.58 | 100.15 | 112.73 | NOTE | |
| r-devel-linux-x86_64-fedora-clang | 1.6.1 | 98.00 | 167.71 | 265.71 | OK | |
| r-devel-linux-x86_64-fedora-gcc | 1.6.1 | 88.00 | 173.19 | 261.19 | OK | |
| r-devel-windows-x86_64 | 1.6.1 | 18.00 | 134.00 | 152.00 | OK | |
| r-patched-linux-x86_64 | 1.6.1 | 18.99 | 136.23 | 155.22 | OK | |
| r-release-linux-x86_64 | 1.6.1 | 18.50 | 135.24 | 153.74 | OK | |
| r-release-macos-arm64 | 1.6.1 | 7.00 | 56.00 | 63.00 | OK | |
| r-release-macos-x86_64 | 1.6.1 | 24.00 | 163.00 | 187.00 | OK | |
| r-release-windows-x86_64 | 1.6.1 | 18.00 | 133.00 | 151.00 | OK | |
| r-oldrel-macos-arm64 | 1.6.1 | 7.00 | 50.00 | 57.00 | OK | |
| r-oldrel-macos-x86_64 | 1.6.1 | 11.00 | 76.00 | 87.00 | OK | |
| r-oldrel-windows-x86_64 | 1.6.1 | 25.00 | 181.00 | 206.00 | OK | 
Version: 1.6.1
Check: CRAN incoming feasibility
Result: NOTE
  Maintainer: ‘Han Yu <hyu9@buffalo.edu>’
  
  No Authors@R field in DESCRIPTION.
  Please add one, modifying
    Authors@R: c(person(given = "Han",
                        family = "Yu",
                        role = c("aut", "cre"),
                        email = "hyu9@buffalo.edu"),
                 person(given = "Rachael",
                        family = "Blair",
                        role = "aut"),
                 person(given = "Janhavi",
                        family = "Moharil",
                        role = "aut"),
                 person(given = "Andrew",
                        family = "Yan",
                        role = "aut"))
  as necessary.
Flavors: r-devel-linux-x86_64-debian-clang, r-devel-linux-x86_64-debian-gcc