Last updated on 2025-02-22 00:49:39 CET.
Flavor | Version | Tinstall | Tcheck | Ttotal | Status | Flags |
---|---|---|---|---|---|---|
r-devel-linux-x86_64-debian-clang | 0.7.3 | 13.32 | 127.03 | 140.35 | OK | |
r-devel-linux-x86_64-debian-gcc | 0.7.3 | 9.40 | 85.64 | 95.04 | OK | |
r-devel-linux-x86_64-fedora-clang | 0.7.3 | 232.47 | OK | |||
r-devel-linux-x86_64-fedora-gcc | 0.7.3 | 212.60 | OK | |||
r-devel-macos-arm64 | 0.7.3 | 63.00 | OK | |||
r-devel-macos-x86_64 | 0.7.3 | 120.00 | OK | |||
r-devel-windows-x86_64 | 0.7.3 | 14.00 | 126.00 | 140.00 | OK | |
r-patched-linux-x86_64 | 0.7.3 | 12.76 | 117.50 | 130.26 | OK | |
r-release-linux-x86_64 | 0.7.3 | 12.93 | 118.10 | 131.03 | OK | |
r-release-macos-arm64 | 0.7.3 | 46.00 | NOTE | |||
r-release-macos-x86_64 | 0.7.3 | 85.00 | NOTE | |||
r-release-windows-x86_64 | 0.7.3 | 15.00 | 121.00 | 136.00 | NOTE | |
r-oldrel-macos-arm64 | 0.7.3 | 77.00 | NOTE | |||
r-oldrel-macos-x86_64 | 0.7.3 | 87.00 | NOTE | |||
r-oldrel-windows-x86_64 | 0.7.3 | 19.00 | 156.00 | 175.00 | NOTE |
Version: 0.7.3
Check: installed package size
Result: NOTE
installed size is 6.2Mb
sub-directories of 1Mb or more:
help 6.0Mb
Flavors: r-release-macos-arm64, r-release-macos-x86_64, r-release-windows-x86_64, r-oldrel-macos-arm64, r-oldrel-macos-x86_64, r-oldrel-windows-x86_64