Last updated on 2025-10-31 00:50:57 CET.
| Flavor | Version | Tinstall | Tcheck | Ttotal | Status | Flags | 
|---|---|---|---|---|---|---|
| r-devel-linux-x86_64-debian-clang | 1.0.3 | 11.23 | 92.93 | 104.16 | NOTE | |
| r-devel-linux-x86_64-debian-gcc | 1.0.3 | 7.76 | 67.80 | 75.56 | NOTE | |
| r-devel-linux-x86_64-fedora-clang | 1.0.3 | 31.00 | 131.03 | 162.03 | OK | |
| r-devel-linux-x86_64-fedora-gcc | 1.0.3 | 24.00 | 124.38 | 148.38 | OK | |
| r-devel-windows-x86_64 | 1.0.3 | 13.00 | 97.00 | 110.00 | OK | |
| r-patched-linux-x86_64 | 1.0.3 | 10.71 | 84.64 | 95.35 | OK | |
| r-release-linux-x86_64 | 1.0.3 | 10.51 | 84.98 | 95.49 | OK | |
| r-release-macos-arm64 | 1.0.3 | 6.00 | 45.00 | 51.00 | OK | |
| r-release-macos-x86_64 | 1.0.3 | 10.00 | 70.00 | 80.00 | OK | |
| r-release-windows-x86_64 | 1.0.3 | 13.00 | 101.00 | 114.00 | OK | |
| r-oldrel-macos-arm64 | 1.0.3 | 5.00 | 40.00 | 45.00 | OK | |
| r-oldrel-macos-x86_64 | 1.0.3 | 8.00 | 56.00 | 64.00 | OK | |
| r-oldrel-windows-x86_64 | 1.0.3 | 17.00 | 123.00 | 140.00 | OK | 
Version: 1.0.3
Check: CRAN incoming feasibility
Result: NOTE
  Maintainer: ‘Jeff Gill <jgill5402@mac.com>’
  
  No Authors@R field in DESCRIPTION.
  Please add one, modifying
    Authors@R: c(person(given = "Jonathan",
                        family = "Homola",
                        role = "aut"),
                 person(given = "Danielle",
                        family = "Korman",
                        role = "aut"),
                 person(given = "Jacob",
                        family = "Metz",
                        role = "aut"),
                 person(given = "Miguel",
                        family = "Pereira",
                        role = "aut"),
                 person(given = "Mauricio",
                        family = "Vela",
                        role = "aut"),
                 person(given = "Jeff",
                        family = "Gill",
                        role = c("aut", "cre"),
                        email = "jgill5402@mac.com"))
  as necessary.
Flavors: r-devel-linux-x86_64-debian-clang, r-devel-linux-x86_64-debian-gcc