Last updated on 2025-10-31 00:50:59 CET.
| Flavor | Version | Tinstall | Tcheck | Ttotal | Status | Flags | 
|---|---|---|---|---|---|---|
| r-devel-linux-x86_64-debian-clang | 1.1.9 | 61.25 | 35.99 | 97.24 | WARN | |
| r-devel-linux-x86_64-debian-gcc | 1.1.9 | 48.62 | 30.70 | 79.32 | WARN | |
| r-devel-linux-x86_64-fedora-clang | 1.1.9 | 146.00 | 16.46 | 162.46 | NOTE | |
| r-devel-linux-x86_64-fedora-gcc | 1.1.9 | 134.00 | 45.29 | 179.29 | NOTE | |
| r-devel-windows-x86_64 | 1.1.9 | 65.00 | 86.00 | 151.00 | NOTE | |
| r-patched-linux-x86_64 | 1.1.9 | 66.03 | 38.98 | 105.01 | NOTE | |
| r-release-linux-x86_64 | 1.1.9 | 68.96 | 38.61 | 107.57 | NOTE | |
| r-release-macos-arm64 | 1.1.9 | 28.00 | 23.00 | 51.00 | NOTE | |
| r-release-macos-x86_64 | 1.1.9 | 59.00 | 38.00 | 97.00 | NOTE | |
| r-release-windows-x86_64 | 1.1.9 | 66.00 | 81.00 | 147.00 | NOTE | |
| r-oldrel-macos-arm64 | 1.1.9 | 25.00 | 22.00 | 47.00 | NOTE | |
| r-oldrel-macos-x86_64 | 1.1.9 | 35.00 | 29.00 | 64.00 | NOTE | |
| r-oldrel-windows-x86_64 | 1.1.9 | 74.00 | 92.00 | 166.00 | NOTE | 
Version: 1.1.9
Check: CRAN incoming feasibility
Result: NOTE
  Maintainer: ‘Amir Nikooienejad <amir.nikooienejad@gmail.com>’
  
  No Authors@R field in DESCRIPTION.
  Please add one, modifying
    Authors@R: c(person(given = "Amir",
                        family = "Nikooienejad",
                        role = c("aut", "cre"),
                        email = "amir.nikooienejad@gmail.com"),
                 person(given = c("Valen", "E."),
                        family = "Johnson",
                        role = "ths"))
  as necessary.
Flavors: r-devel-linux-x86_64-debian-clang, r-devel-linux-x86_64-debian-gcc
Version: 1.1.9
Check: whether package can be installed
Result: WARN
  Found the following significant warnings:
    /home/hornik/tmp/R.check/r-devel-clang/Work/build/Packages/RcppArmadillo/include/RcppArmadillo/version/arma.h:66:17: warning: Using fallback compilation with Armadillo 14.6.3. Please consider defining -DARMA_USE_CURRENT and also removing C++11 compilation directive. See GitHub issue #475 for more. [-W#pragma-messages]
  See ‘/home/hornik/tmp/R.check/r-devel-clang/Work/PKGS/BVSNLP.Rcheck/00install.out’ for details.
  * used C compiler: ‘Debian clang version 19.1.7 (7)’
  * used C++ compiler: ‘Debian clang version 19.1.7 (7)’
Flavor: r-devel-linux-x86_64-debian-clang
Version: 1.1.9
Check: C++ specification
Result: NOTE
    Specified C++11: please drop specification unless essential
Flavors: r-devel-linux-x86_64-debian-clang, r-devel-linux-x86_64-debian-gcc, r-devel-linux-x86_64-fedora-clang, r-devel-linux-x86_64-fedora-gcc, r-devel-windows-x86_64, r-patched-linux-x86_64, r-release-linux-x86_64, r-release-macos-arm64, r-release-macos-x86_64, r-release-windows-x86_64, r-oldrel-macos-arm64, r-oldrel-macos-x86_64, r-oldrel-windows-x86_64
Version: 1.1.9
Check: whether package can be installed
Result: WARN
  Found the following significant warnings:
    /home/hornik/tmp/R.check/r-devel-gcc/Work/build/Packages/RcppArmadillo/include/RcppArmadillo/version/arma.h:66:199: note: ‘#pragma message: Using fallback compilation with Armadillo 14.6.3. Please consider defining -DARMA_USE_CURRENT and also removing C++11 compilation directive. See GitHub issue #475 for more.’
  See ‘/home/hornik/tmp/R.check/r-devel-gcc/Work/PKGS/BVSNLP.Rcheck/00install.out’ for details.
  * used C compiler: ‘gcc-15 (Debian 15.2.0-4) 15.2.0’
  * used C++ compiler: ‘g++-15 (Debian 15.2.0-4) 15.2.0’
Flavor: r-devel-linux-x86_64-debian-gcc
Version: 1.1.9
Check: package dependencies
Result: NOTE
  Package suggested but not available for checking: ‘doMPI’
Flavors: r-oldrel-macos-arm64, r-oldrel-macos-x86_64
Version: 1.1.9
Check: installed package size
Result: NOTE
    installed size is 20.2Mb
    sub-directories of 1Mb or more:
      libs  20.0Mb
Flavors: r-oldrel-macos-arm64, r-oldrel-macos-x86_64
Version: 1.1.9
Check: LazyData
Result: NOTE
    'LazyData' is specified without a 'data' directory
Flavors: r-oldrel-macos-arm64, r-oldrel-macos-x86_64, r-oldrel-windows-x86_64