Last updated on 2025-10-31 00:50:58 CET.
| Flavor | Version | Tinstall | Tcheck | Ttotal | Status | Flags | 
|---|---|---|---|---|---|---|
| r-devel-linux-x86_64-debian-clang | 2.2.3 | 62.55 | 138.15 | 200.70 | NOTE | |
| r-devel-linux-x86_64-debian-gcc | 2.2.3 | 67.96 | 106.09 | 174.05 | NOTE | |
| r-devel-linux-x86_64-fedora-clang | 2.2.3 | 117.00 | 183.28 | 300.28 | OK | |
| r-devel-linux-x86_64-fedora-gcc | 2.2.3 | 156.00 | 215.85 | 371.85 | OK | |
| r-devel-windows-x86_64 | 2.2.3 | 77.00 | 134.00 | 211.00 | OK | |
| r-patched-linux-x86_64 | 2.2.3 | 85.10 | 135.44 | 220.54 | OK | |
| r-release-linux-x86_64 | 2.2.3 | 86.89 | 136.10 | 222.99 | OK | |
| r-release-macos-arm64 | 2.2.3 | 57.00 | 174.00 | 231.00 | OK | |
| r-release-macos-x86_64 | 2.2.3 | 45.00 | 109.00 | 154.00 | OK | |
| r-release-windows-x86_64 | 2.2.3 | 79.00 | 135.00 | 214.00 | OK | |
| r-oldrel-macos-arm64 | 2.2.3 | 34.00 | 78.00 | 112.00 | NOTE | |
| r-oldrel-macos-x86_64 | 2.2.3 | 42.00 | 89.00 | 131.00 | NOTE | |
| r-oldrel-windows-x86_64 | 2.2.3 | 101.00 | 168.00 | 269.00 | OK | 
Version: 2.2.3
Check: CRAN incoming feasibility
Result: NOTE
  Maintainer: ‘Georgios Papageorgiou <gpapageo@gmail.com>’
  
  No Authors@R field in DESCRIPTION.
  Please add one, modifying
    Authors@R: person(given = "Georgios",
                      family = "Papageorgiou",
                      role = c("aut", "cre"),
                      email = "gpapageo@gmail.com")
  as necessary.
Flavors: r-devel-linux-x86_64-debian-clang, r-devel-linux-x86_64-debian-gcc
Version: 2.2.3
Check: installed package size
Result: NOTE
    installed size is  5.2Mb
    sub-directories of 1Mb or more:
      libs   4.7Mb
Flavors: r-oldrel-macos-arm64, r-oldrel-macos-x86_64