Last updated on 2025-10-31 00:50:58 CET.
| Flavor | Version | Tinstall | Tcheck | Ttotal | Status | Flags | 
|---|---|---|---|---|---|---|
| r-devel-linux-x86_64-debian-clang | 0.3.3 | 13.39 | 119.84 | 133.23 | NOTE | |
| r-devel-linux-x86_64-debian-gcc | 0.3.3 | 10.15 | 87.26 | 97.41 | NOTE | |
| r-devel-linux-x86_64-fedora-clang | 0.3.3 | 36.00 | 169.42 | 205.42 | NOTE | |
| r-devel-linux-x86_64-fedora-gcc | 0.3.3 | 29.00 | 181.68 | 210.68 | NOTE | |
| r-devel-windows-x86_64 | 0.3.3 | 15.00 | 118.00 | 133.00 | NOTE | |
| r-patched-linux-x86_64 | 0.3.3 | 13.92 | 113.17 | 127.09 | NOTE | |
| r-release-linux-x86_64 | 0.3.3 | 13.54 | 113.63 | 127.17 | NOTE | |
| r-release-macos-arm64 | 0.3.3 | 7.00 | 60.00 | 67.00 | NOTE | |
| r-release-macos-x86_64 | 0.3.3 | 11.00 | 116.00 | 127.00 | NOTE | |
| r-release-windows-x86_64 | 0.3.3 | 18.00 | 119.00 | 137.00 | NOTE | |
| r-oldrel-macos-arm64 | 0.3.3 | 6.00 | 54.00 | 60.00 | NOTE | |
| r-oldrel-macos-x86_64 | 0.3.3 | 10.00 | 80.00 | 90.00 | NOTE | |
| r-oldrel-windows-x86_64 | 0.3.3 | 22.00 | 150.00 | 172.00 | NOTE | 
Version: 0.3.3
Check: Rd files
Result: NOTE
  checkRd: (-1) posteriorFeasibility.Rd:25: Escaped LaTeX specials: \#
  checkRd: (-1) sp500Returns.Rd:4: Escaped LaTeX specials: \&
Flavors: r-devel-linux-x86_64-debian-clang, r-devel-linux-x86_64-debian-gcc, r-devel-linux-x86_64-fedora-clang, r-devel-linux-x86_64-fedora-gcc, r-devel-windows-x86_64, r-patched-linux-x86_64, r-release-linux-x86_64, r-release-macos-arm64, r-release-macos-x86_64, r-release-windows-x86_64, r-oldrel-macos-arm64, r-oldrel-macos-x86_64, r-oldrel-windows-x86_64
Version: 0.3.3
Check: dependencies in R code
Result: NOTE
  Namespaces in Imports field not imported from:
    ‘knitr’ ‘rmarkdown’
    All declared Imports should be used.
Flavors: r-devel-linux-x86_64-fedora-clang, r-devel-linux-x86_64-fedora-gcc