Last updated on 2025-10-31 00:50:58 CET.
| Flavor | Version | Tinstall | Tcheck | Ttotal | Status | Flags | 
|---|---|---|---|---|---|---|
| r-devel-linux-x86_64-debian-clang | 1.00 | 2.38 | 35.53 | 37.91 | NOTE | |
| r-devel-linux-x86_64-debian-gcc | 1.00 | 2.08 | 27.11 | 29.19 | NOTE | |
| r-devel-linux-x86_64-fedora-clang | 1.00 | 61.07 | NOTE | |||
| r-devel-linux-x86_64-fedora-gcc | 1.00 | 88.89 | NOTE | |||
| r-devel-windows-x86_64 | 1.00 | 4.00 | 56.00 | 60.00 | OK | |
| r-patched-linux-x86_64 | 1.00 | 2.82 | 33.50 | 36.32 | OK | |
| r-release-linux-x86_64 | 1.00 | 2.73 | 34.15 | 36.88 | OK | |
| r-release-macos-arm64 | 1.00 | 2.00 | 29.00 | 31.00 | OK | |
| r-release-macos-x86_64 | 1.00 | 3.00 | 68.00 | 71.00 | OK | |
| r-release-windows-x86_64 | 1.00 | 4.00 | 60.00 | 64.00 | OK | |
| r-oldrel-macos-arm64 | 1.00 | 2.00 | 29.00 | 31.00 | NOTE | |
| r-oldrel-macos-x86_64 | 1.00 | 2.00 | 43.00 | 45.00 | NOTE | |
| r-oldrel-windows-x86_64 | 1.00 | 5.00 | 66.00 | 71.00 | NOTE | 
Version: 1.00
Check: CRAN incoming feasibility
Result: NOTE
  Maintainer: ‘J. Jack Lee <jjlee@mdanderson.org>’
  
  No Authors@R field in DESCRIPTION.
  Please add one, modifying
    Authors@R: c(person(given = "Nan",
                        family = "Chen",
                        role = "aut"),
                 person(given = c("J.", "Jack"),
                        family = "Lee",
                        role = c("aut", "cre"),
                        email = "jjlee@mdanderson.org"))
  as necessary.
Flavors: r-devel-linux-x86_64-debian-clang, r-devel-linux-x86_64-debian-gcc
Version: 1.00
Check: dependencies in R code
Result: NOTE
  Namespaces in Imports field not imported from:
    ‘coda’ ‘knitr’ ‘plyr’
    All declared Imports should be used.
Flavors: r-devel-linux-x86_64-fedora-clang, r-devel-linux-x86_64-fedora-gcc
Version: 1.00
Check: LazyData
Result: NOTE
    'LazyData' is specified without a 'data' directory
Flavors: r-oldrel-macos-arm64, r-oldrel-macos-x86_64, r-oldrel-windows-x86_64