Last updated on 2025-10-31 00:50:57 CET.
| Flavor | Version | Tinstall | Tcheck | Ttotal | Status | Flags | 
|---|---|---|---|---|---|---|
| r-devel-linux-x86_64-debian-clang | 1.2.2 | 3.54 | 44.46 | 48.00 | NOTE | |
| r-devel-linux-x86_64-debian-gcc | 1.2.2 | 2.48 | 32.38 | 34.86 | NOTE | |
| r-devel-linux-x86_64-fedora-clang | 1.2.2 | 13.00 | 62.65 | 75.65 | OK | |
| r-devel-linux-x86_64-fedora-gcc | 1.2.2 | 81.71 | OK | |||
| r-devel-windows-x86_64 | 1.2.2 | 7.00 | 67.00 | 74.00 | OK | |
| r-patched-linux-x86_64 | 1.2.2 | 3.60 | 41.41 | 45.01 | OK | |
| r-release-linux-x86_64 | 1.2.2 | 3.73 | 41.39 | 45.12 | OK | |
| r-release-macos-arm64 | 1.2.2 | 1.00 | 29.00 | 30.00 | OK | |
| r-release-macos-x86_64 | 1.2.2 | 3.00 | 51.00 | 54.00 | OK | |
| r-release-windows-x86_64 | 1.2.2 | 6.00 | 72.00 | 78.00 | OK | |
| r-oldrel-macos-arm64 | 1.2.2 | 2.00 | 31.00 | 33.00 | OK | |
| r-oldrel-macos-x86_64 | 1.2.2 | 3.00 | 39.00 | 42.00 | OK | |
| r-oldrel-windows-x86_64 | 1.2.2 | 7.00 | 80.00 | 87.00 | OK | 
Version: 1.2.2
Check: CRAN incoming feasibility
Result: NOTE
  Maintainer: ‘James E. Pustejovsky <jepusto@gmail.com>’
  
  No Authors@R field in DESCRIPTION.
  Please add one, modifying
    Authors@R: c(person(given = c("James", "E."),
                        family = "Pustejovsky",
                        role = c("aut", "cre"),
                        email = "jepusto@gmail.com"),
                 person(given = c("with", "contributions", "from", "Daniel", "M."),
                        family = "Swan",
                        role = "aut"))
  as necessary.
Flavors: r-devel-linux-x86_64-debian-clang, r-devel-linux-x86_64-debian-gcc