Last updated on 2025-10-31 00:50:57 CET.
| Flavor | Version | Tinstall | Tcheck | Ttotal | Status | Flags | 
|---|---|---|---|---|---|---|
| r-devel-linux-x86_64-debian-clang | 0.2 | 2.32 | 44.93 | 47.25 | NOTE | |
| r-devel-linux-x86_64-debian-gcc | 0.2 | 1.60 | 34.84 | 36.44 | NOTE | |
| r-devel-linux-x86_64-fedora-clang | 0.2 | 77.38 | OK | |||
| r-devel-linux-x86_64-fedora-gcc | 0.2 | 92.05 | OK | |||
| r-devel-windows-x86_64 | 0.2 | 3.00 | 72.00 | 75.00 | OK | |
| r-patched-linux-x86_64 | 0.2 | 2.29 | 44.17 | 46.46 | OK | |
| r-release-linux-x86_64 | 0.2 | 1.99 | 43.93 | 45.92 | OK | |
| r-release-macos-arm64 | 0.2 | 1.00 | 40.00 | 41.00 | OK | |
| r-release-macos-x86_64 | 0.2 | 3.00 | 62.00 | 65.00 | OK | |
| r-release-windows-x86_64 | 0.2 | 4.00 | 74.00 | 78.00 | OK | |
| r-oldrel-macos-arm64 | 0.2 | 1.00 | 31.00 | 32.00 | OK | |
| r-oldrel-macos-x86_64 | 0.2 | 2.00 | 46.00 | 48.00 | OK | |
| r-oldrel-windows-x86_64 | 0.2 | 4.00 | 82.00 | 86.00 | OK | 
Version: 0.2
Check: CRAN incoming feasibility
Result: NOTE
  Maintainer: ‘Livio Finos <livio.finos@unipd.it>’
  
  No Authors@R field in DESCRIPTION.
  Please add one, modifying
    Authors@R: c(person(given = "Livio",
                        family = "Finos",
                        role = c("aut", "cre"),
                        email = "livio.finos@unipd.it"),
                 person(given = "Jelle",
                        family = "Goeman",
                        role = "aut"),
                 person(given = "Wouter",
                        family = "Weeda",
                        role = "aut"),
                 person(given = "Jonathan",
                        family = "Rosenblatt",
                        role = "aut"),
                 person(given = "Aldo",
                        family = "Solari",
                        role = "aut"))
  as necessary.
Flavors: r-devel-linux-x86_64-debian-clang, r-devel-linux-x86_64-debian-gcc