Last updated on 2025-10-31 00:50:57 CET.
| Flavor | Version | Tinstall | Tcheck | Ttotal | Status | Flags | 
|---|---|---|---|---|---|---|
| r-devel-linux-x86_64-debian-clang | 1.0 | 2.59 | 27.57 | 30.16 | NOTE | |
| r-devel-linux-x86_64-debian-gcc | 1.0 | 2.43 | 22.20 | 24.63 | NOTE | |
| r-devel-linux-x86_64-fedora-clang | 1.0 | 45.78 | OK | |||
| r-devel-linux-x86_64-fedora-gcc | 1.0 | 42.97 | OK | |||
| r-devel-windows-x86_64 | 1.0 | 4.00 | 45.00 | 49.00 | OK | |
| r-patched-linux-x86_64 | 1.0 | 2.67 | 26.43 | 29.10 | OK | |
| r-release-linux-x86_64 | 1.0 | 2.69 | 26.35 | 29.04 | OK | |
| r-release-macos-arm64 | 1.0 | 2.00 | 19.00 | 21.00 | OK | |
| r-release-macos-x86_64 | 1.0 | 3.00 | 28.00 | 31.00 | OK | |
| r-release-windows-x86_64 | 1.0 | 4.00 | 46.00 | 50.00 | OK | |
| r-oldrel-macos-arm64 | 1.0 | 1.00 | 18.00 | 19.00 | OK | |
| r-oldrel-macos-x86_64 | 1.0 | 2.00 | 22.00 | 24.00 | OK | |
| r-oldrel-windows-x86_64 | 1.0 | 6.00 | 50.00 | 56.00 | OK | 
Version: 1.0
Check: CRAN incoming feasibility
Result: NOTE
  Maintainer: ‘Luis Benites Sanchez <lbenitesanchez@gmail.com>’
  
  No Authors@R field in DESCRIPTION.
  Please add one, modifying
    Authors@R: c(person(given = c("Luis", "Benites"),
                        family = "Sanchez",
                        role = c("aut", "cre"),
                        email = "lbenitesanchez@gmail.com"),
                 person(given = c("Christian", "E."),
                        family = "Galarza",
                        role = "aut"),
                 person(given = c("Victor", "H."),
                        family = "Lachos",
                        role = "aut"))
  as necessary.
Flavors: r-devel-linux-x86_64-debian-clang, r-devel-linux-x86_64-debian-gcc