Last updated on 2025-10-31 00:50:57 CET.
| Flavor | Version | Tinstall | Tcheck | Ttotal | Status | Flags | 
|---|---|---|---|---|---|---|
| r-devel-linux-x86_64-debian-clang | 1.0.1 | 15.80 | 99.44 | 115.24 | OK | |
| r-devel-linux-x86_64-debian-gcc | 1.0.1 | 11.64 | 69.19 | 80.83 | OK | |
| r-devel-linux-x86_64-fedora-clang | 1.0.1 | 38.00 | 135.94 | 173.94 | NOTE | |
| r-devel-linux-x86_64-fedora-gcc | 1.0.1 | 33.00 | 147.23 | 180.23 | NOTE | |
| r-devel-windows-x86_64 | 1.0.1 | 17.00 | 116.00 | 133.00 | OK | |
| r-patched-linux-x86_64 | 1.0.1 | 15.39 | 90.93 | 106.32 | OK | |
| r-release-linux-x86_64 | 1.0.1 | 13.29 | 90.95 | 104.24 | OK | |
| r-release-macos-arm64 | 1.0.1 | 7.00 | 48.00 | 55.00 | OK | |
| r-release-macos-x86_64 | 1.0.1 | 14.00 | 92.00 | 106.00 | OK | |
| r-release-windows-x86_64 | 1.0.1 | 20.00 | 102.00 | 122.00 | OK | |
| r-oldrel-macos-arm64 | 1.0.1 | 8.00 | 47.00 | 55.00 | OK | |
| r-oldrel-macos-x86_64 | 1.0.1 | 11.00 | 78.00 | 89.00 | OK | |
| r-oldrel-windows-x86_64 | 1.0.1 | 23.00 | 129.00 | 152.00 | OK | 
Version: 1.0.1
Check: dependencies in R code
Result: NOTE
  Namespaces in Imports field not imported from:
    ‘devtools’ ‘mixexp’
    All declared Imports should be used.
Flavors: r-devel-linux-x86_64-fedora-clang, r-devel-linux-x86_64-fedora-gcc