CRAN Package Check Results for Package sourcetools

Last updated on 2025-10-01 02:54:32 CEST.

Flavor Version Tinstall Tcheck Ttotal Status Flags
r-devel-linux-x86_64-debian-clang 0.1.7-1 5.47 21.42 26.89 NOTE
r-devel-linux-x86_64-debian-gcc 0.1.7-1 3.70 17.96 21.66 NOTE
r-devel-linux-x86_64-fedora-clang 0.1.7-1 42.96 OK
r-devel-linux-x86_64-fedora-gcc 0.1.7-1 39.41 OK
r-devel-windows-x86_64 0.1.7-1 15.00 52.00 67.00 OK
r-patched-linux-x86_64 0.1.7-1 4.52 19.46 23.98 OK
r-release-linux-x86_64 0.1.7-1 5.27 19.18 24.45 OK
r-release-macos-arm64 0.1.7-1 21.00 OK
r-release-macos-x86_64 0.1.7-1 31.00 OK
r-release-windows-x86_64 0.1.7-1 17.00 59.00 76.00 OK
r-oldrel-macos-arm64 0.1.7-1 25.00 OK
r-oldrel-macos-x86_64 0.1.7-1 29.00 OK
r-oldrel-windows-x86_64 0.1.7-1 23.00 57.00 80.00 OK

Check Details

Version: 0.1.7-1
Check: CRAN incoming feasibility
Result: NOTE Maintainer: ‘Kevin Ushey <kevinushey@gmail.com>’ No Authors@R field in DESCRIPTION. Please add one, modifying Authors@R: person(given = "Kevin", family = "Ushey", role = c("aut", "cre"), email = "kevinushey@gmail.com") as necessary. Flavors: r-devel-linux-x86_64-debian-clang, r-devel-linux-x86_64-debian-gcc