Last updated on 2025-10-02 01:50:13 CEST.
Flavor | Version | Tinstall | Tcheck | Ttotal | Status | Flags |
---|---|---|---|---|---|---|
r-devel-linux-x86_64-debian-clang | 0.8.1 | 18.91 | 318.06 | 336.97 | NOTE | |
r-devel-linux-x86_64-debian-gcc | 0.8.1 | 12.53 | 210.33 | 222.86 | NOTE | |
r-devel-linux-x86_64-fedora-clang | 0.8.1 | 562.55 | NOTE | |||
r-devel-linux-x86_64-fedora-gcc | 0.8.1 | 569.66 | NOTE | |||
r-devel-windows-x86_64 | 0.8.1 | 24.00 | 313.00 | 337.00 | NOTE | |
r-patched-linux-x86_64 | 0.8.1 | 21.25 | 284.67 | 305.92 | NOTE | |
r-release-linux-x86_64 | 0.8.1 | 18.34 | 286.23 | 304.57 | NOTE | |
r-release-macos-arm64 | 0.8.1 | 163.00 | NOTE | |||
r-release-macos-x86_64 | 0.8.1 | 289.00 | NOTE | |||
r-release-windows-x86_64 | 0.8.1 | 26.00 | 320.00 | 346.00 | NOTE | |
r-oldrel-macos-arm64 | 0.8.1 | 156.00 | OK | |||
r-oldrel-macos-x86_64 | 0.8.1 | 395.00 | OK | |||
r-oldrel-windows-x86_64 | 0.8.1 | 30.00 | 423.00 | 453.00 | OK |
Version: 0.8.1
Check: DESCRIPTION meta-information
Result: NOTE
Missing dependency on R >= 4.1.0 because package code uses the pipe
|> or function shorthand \(...) syntax added in R 4.1.0.
File(s) using such syntax:
‘addCorGen.Rd’
Flavors: r-devel-linux-x86_64-debian-clang, r-devel-linux-x86_64-debian-gcc, r-devel-linux-x86_64-fedora-clang, r-devel-linux-x86_64-fedora-gcc, r-devel-windows-x86_64, r-patched-linux-x86_64, r-release-linux-x86_64, r-release-macos-arm64, r-release-macos-x86_64, r-release-windows-x86_64