CRAN Package Check Results for Package rbtt

Last updated on 2025-10-01 02:54:28 CEST.

Flavor Version Tinstall Tcheck Ttotal Status Flags
r-devel-linux-x86_64-debian-clang 0.1.0 2.34 26.25 28.59 OK
r-devel-linux-x86_64-debian-gcc 0.1.0 1.83 21.12 22.95 OK
r-devel-linux-x86_64-fedora-clang 0.1.0 39.75 OK
r-devel-linux-x86_64-fedora-gcc 0.1.0 39.38 OK
r-devel-windows-x86_64 0.1.0 3.00 48.00 51.00 OK
r-patched-linux-x86_64 0.1.0 2.05 23.10 25.15 OK
r-release-linux-x86_64 0.1.0 2.05 23.26 25.31 OK
r-release-macos-arm64 0.1.0 19.00 OK
r-release-macos-x86_64 0.1.0 36.00 OK
r-release-windows-x86_64 0.1.0 3.00 47.00 50.00 OK
r-oldrel-macos-arm64 0.1.0 19.00 NOTE
r-oldrel-macos-x86_64 0.1.0 26.00 NOTE
r-oldrel-windows-x86_64 0.1.0 3.00 52.00 55.00 NOTE

Check Details

Version: 0.1.0
Check: LazyData
Result: NOTE 'LazyData' is specified without a 'data' directory Flavors: r-oldrel-macos-arm64, r-oldrel-macos-x86_64, r-oldrel-windows-x86_64