CRAN Package Check Results for Package fc

Last updated on 2025-10-02 01:49:57 CEST.

Flavor Version Tinstall Tcheck Ttotal Status Flags
r-devel-linux-x86_64-debian-clang 0.1.0 1.76 19.70 21.46 OK
r-devel-linux-x86_64-debian-gcc 0.1.0 1.35 15.93 17.28 OK
r-devel-linux-x86_64-fedora-clang 0.1.0 31.60 OK
r-devel-linux-x86_64-fedora-gcc 0.1.0 30.07 OK
r-devel-windows-x86_64 0.1.0 3.00 40.00 43.00 OK
r-patched-linux-x86_64 0.1.0 1.93 18.58 20.51 OK
r-release-linux-x86_64 0.1.0 1.68 18.87 20.55 OK
r-release-macos-arm64 0.1.0 14.00 OK
r-release-macos-x86_64 0.1.0 28.00 OK
r-release-windows-x86_64 0.1.0 3.00 40.00 43.00 OK
r-oldrel-macos-arm64 0.1.0 14.00 NOTE
r-oldrel-macos-x86_64 0.1.0 24.00 NOTE
r-oldrel-windows-x86_64 0.1.0 3.00 43.00 46.00 NOTE

Check Details

Version: 0.1.0
Check: LazyData
Result: NOTE 'LazyData' is specified without a 'data' directory Flavors: r-oldrel-macos-arm64, r-oldrel-macos-x86_64, r-oldrel-windows-x86_64