CRAN Package Check Results for Package depend.truncation

Last updated on 2025-10-06 01:49:41 CEST.

Flavor Version Tinstall Tcheck Ttotal Status Flags
r-devel-linux-x86_64-debian-clang 3.0 9.05 51.91 60.96 NOTE
r-devel-linux-x86_64-debian-gcc 3.0 6.18 34.97 41.15 NOTE
r-devel-linux-x86_64-fedora-clang 3.0 92.90 OK
r-devel-linux-x86_64-fedora-gcc 3.0 90.46 OK
r-devel-windows-x86_64 3.0 9.00 66.00 75.00 OK
r-patched-linux-x86_64 3.0 9.20 48.00 57.20 OK
r-release-linux-x86_64 3.0 8.51 48.49 57.00 OK
r-release-macos-arm64 3.0 26.00 OK
r-release-macos-x86_64 3.0 48.00 OK
r-release-windows-x86_64 3.0 9.00 66.00 75.00 OK
r-oldrel-macos-arm64 3.0 25.00 OK
r-oldrel-macos-x86_64 3.0 39.00 OK
r-oldrel-windows-x86_64 3.0 11.00 76.00 87.00 OK

Check Details

Version: 3.0
Check: CRAN incoming feasibility
Result: NOTE Maintainer: ‘Takeshi Emura <takeshiemura@gmail.com>’ No Authors@R field in DESCRIPTION. Please add one, modifying Authors@R: person(given = "Takeshi", family = "Emura", role = c("aut", "cre"), email = "takeshiemura@gmail.com") as necessary. Flavors: r-devel-linux-x86_64-debian-clang, r-devel-linux-x86_64-debian-gcc