Last updated on 2025-10-04 01:49:40 CEST.
Flavor | Version | Tinstall | Tcheck | Ttotal | Status | Flags |
---|---|---|---|---|---|---|
r-devel-linux-x86_64-debian-clang | 0.1.1 | 2.12 | 25.65 | 27.77 | NOTE | |
r-devel-linux-x86_64-debian-gcc | 0.1.1 | 1.92 | 20.29 | 22.21 | NOTE | |
r-devel-linux-x86_64-fedora-clang | 0.1.1 | 42.25 | OK | |||
r-devel-linux-x86_64-fedora-gcc | 0.1.1 | 39.46 | OK | |||
r-devel-windows-x86_64 | 0.1.1 | 5.00 | 43.00 | 48.00 | OK | |
r-patched-linux-x86_64 | 0.1.1 | 2.48 | 22.90 | 25.38 | OK | |
r-release-linux-x86_64 | 0.1.1 | 1.77 | 23.34 | 25.11 | OK | |
r-release-macos-arm64 | 0.1.1 | 23.00 | OK | |||
r-release-macos-x86_64 | 0.1.1 | 30.00 | OK | |||
r-release-windows-x86_64 | 0.1.1 | 5.00 | 44.00 | 49.00 | OK | |
r-oldrel-macos-arm64 | 0.1.1 | 18.00 | OK | |||
r-oldrel-macos-x86_64 | 0.1.1 | 30.00 | OK | |||
r-oldrel-windows-x86_64 | 0.1.1 | 6.00 | 49.00 | 55.00 | OK |
Version: 0.1.1
Check: CRAN incoming feasibility
Result: NOTE
Maintainer: ‘Peter Thuresson <jpeter.thuresson@gmail.com>’
No Authors@R field in DESCRIPTION.
Please add one, modifying
Authors@R: person(given = "Peter",
family = "Thuresson",
role = c("aut", "cre"),
email = "jpeter.thuresson@gmail.com")
as necessary.
Flavors: r-devel-linux-x86_64-debian-clang, r-devel-linux-x86_64-debian-gcc