CRAN Package Check Results for Package CUFF

Last updated on 2025-10-04 01:49:42 CEST.

Flavor Version Tinstall Tcheck Ttotal Status Flags
r-devel-linux-x86_64-debian-clang 1.9 15.18 107.70 122.88 NOTE
r-devel-linux-x86_64-debian-gcc 1.9 10.13 74.94 85.07 NOTE
r-devel-linux-x86_64-fedora-clang 1.9 188.72 OK
r-devel-linux-x86_64-fedora-gcc 1.9 176.70 OK
r-devel-windows-x86_64 1.9 15.00 108.00 123.00 OK
r-patched-linux-x86_64 1.9 13.09 97.07 110.16 OK
r-release-linux-x86_64 1.9 12.45 98.17 110.62 OK
r-release-macos-arm64 1.9 44.00 OK
r-release-macos-x86_64 1.9 83.00 OK
r-release-windows-x86_64 1.9 16.00 107.00 123.00 OK
r-oldrel-macos-arm64 1.9 44.00 OK
r-oldrel-macos-x86_64 1.9 63.00 OK
r-oldrel-windows-x86_64 1.9 23.00 134.00 157.00 OK

Check Details

Version: 1.9
Check: CRAN incoming feasibility
Result: NOTE Maintainer: ‘Charles-Édouard Giguère <ce.giguere@gmail.com>’ No Authors@R field in DESCRIPTION. Please add one, modifying Authors@R: person(given = "Charles-Édouard", family = "Giguère", role = c("aut", "cre"), email = "ce.giguere@gmail.com") as necessary. Flavors: r-devel-linux-x86_64-debian-clang, r-devel-linux-x86_64-debian-gcc